 prime factors of 76024970.
2, 5, 7, 155153
What are the prime factors of 940846136?
2, 113, 191, 5449
List the prime factors of 774871823.
11, 1453, 48481
What are the prime factors of 93908559?
3, 31302853
What are the prime factors of 246172785?
3, 5, 3407, 4817
List the prime factors of 6412616864.
2, 200394277
What are the prime factors of 482758257?
3, 31, 2111, 2459
What are the prime factors of 95411603?
7, 13630229
What are the prime factors of 4363927911?
3, 7, 107, 647371
What are the prime factors of 14593343?
31, 223, 2111
List the prime factors of 137998303.
197, 700499
List the prime factors of 227880860.
2, 5, 11394043
What are the prime factors of 117484141?
31, 3789811
What are the prime factors of 18750004?
2, 7, 13, 51511
What are the prime factors of 5027584440?
2, 3, 5, 41896537
What are the prime factors of 57289218?
2, 3, 7, 17, 19, 41, 103
List the prime factors of 15292292.
2, 461, 8293
List the prime factors of 96814946.
2, 48407473
List the prime factors of 1394626169.
1394626169
What are the prime factors of 3617303819?
251, 14411569
List the prime factors of 713010152.
2, 1669, 53401
What are the prime factors of 185886948?
2, 3, 13, 41, 29063
List the prime factors of 961750429.
2689, 357661
List the prime factors of 710971705.
5, 17, 113, 74021
List the prime factors of 760251959.
19, 23, 197, 8831
What are the prime factors of 63139845?
3, 5, 1447, 2909
What are the prime factors of 2850459?
3, 23, 109, 379
What are the prime factors of 962397667?
7, 11, 353, 35407
What are the prime factors of 308488760?
2, 5, 7712219
What are the prime factors of 9835866?
2, 3, 31, 17627
What are the prime factors of 110858542?
2, 31, 1788041
List the prime factors of 74614366.
2, 139, 239, 1123
What are the prime factors of 602084384?
2, 11, 131, 1187
List the prime factors of 3566755328.
2, 6966319
What are the prime factors of 2429876480?
2, 5, 41, 46301
List the prime factors of 2123339240.
2, 5, 11, 61, 79111
List the prime factors of 150593227.
8009, 18803
List the prime factors of 2318011324.
2, 19, 601, 2671
What are the prime factors of 53334619?
13, 4102663
What are the prime factors of 109040028?
2, 3, 97, 113, 829
What are the prime factors of 236568360?
2, 3, 5, 7, 41, 6869
What are the prime factors of 81089407?
7, 11584201
What are the prime factors of 85802246?
2, 83, 149, 3469
List the prime factors of 656017477.
23, 131, 239, 911
What are the prime factors of 107953501?
31, 47, 74093
List the prime factors of 727843514.
2, 363921757
List the prime factors of 254014669.
73, 3479653
List the prime factors of 339435565.
5, 7, 107, 233, 389
What are the prime factors of 1091203762?
2, 11, 107, 313, 1481
List the prime factors of 282303495.
3, 5, 23, 59, 67
List the prime factors of 183877451.
331, 555521
List the prime factors of 757710044.
2, 7, 13, 19, 89, 1231
What are the prime factors of 60598599?
3, 20199533
What are the prime factors of 125347750?
2, 5, 11, 19, 2399
What are the prime factors of 4267527544?
2, 7, 17, 79, 179, 317
List the prime factors of 3192685078.
2, 11, 1979, 73331
List the prime factors of 44173347.
3, 19, 83, 9337
List the prime factors of 13510883.
37, 365159
List the prime factors of 50374944.
2, 3, 17, 10289
What are the prime factors of 102037033?
7, 379, 38461
List the prime factors of 102190795.
5, 7, 197, 14821
List the prime factors of 207295196.
2, 51823799
What are the prime factors of 28888616?
2, 103, 35059
What are the prime factors of 18568258?
2, 9284129
List the prime factors of 1847860465.
5, 11, 619, 54277
List the prime factors of 44564426.
2, 43, 518191
List the prime factors of 1879141612.
2, 223, 997, 2113
List the prime factors of 238829456.
2, 31, 191, 2521
List the prime factors of 280643508.
2, 3, 877, 2963
List the prime factors of 1325106240.
2, 3, 5, 1380319
What are the prime factors of 3948471198?
2, 3, 7, 181, 19237
List the prime factors of 631857848.
2, 47, 433, 3881
List the prime factors of 637922217.
3, 37, 691, 8317
What are the prime factors of 3831023070?
2, 3, 5, 7, 1493, 4073
What are the prime factors of 720819800?
2, 5, 3604099
List the prime factors of 10718090.
2, 5, 19, 2969
What are the prime factors of 574092828?
2, 3, 19, 43, 131, 149
What are the prime factors of 3662746031?
7, 74749919
List the prime factors of 54137651.
54137651
List the prime factors of 311347322.
2, 11, 13, 31, 35117
List the prime factors of 150608031.
3, 7, 7171811
What are the prime factors of 3983547165?
3, 5, 13, 1571419
What are the prime factors of 151966644?
2, 3, 43, 294509
List the prime factors of 7785389487.
3, 5639, 460211
List the prime factors of 2282486740.
2, 5, 114124337
What are the prime factors of 494963920?
2, 5, 11, 562459
What are the prime factors of 82373225?
5, 11, 299539
What are the prime factors of 227586250?
2, 5, 97, 1877
List the prime factors of 113560762.
2, 7, 79, 102677
List the prime factors of 1001202647.
37, 27059531
List the prime factors of 7430372500.
2, 5, 2972149
What are the prime factors of 170499776?
2, 2664059
What are the prime factors of 2591016177?
3, 31, 27860389
List the prime factors of 485546902.
2, 307, 790793
List the prime factors of 1775581985.
5, 29, 317, 38629
List the prime factors of 46782429.
3, 15594143
List the prime factors of 82020214.
2, 3307, 12401
What are the prime factors of 636749907?
3, 19, 11171051
What are the prime factors of 99321078?
2, 3, 223, 74231
List the prime factors of 20103509.
20103509
List the prime factors of 72432542.
2, 7, 13, 397981
What are the prime factors of 38718931?
38718931
List the prime factors of 1139803402.
2, 293, 1945057
List the prime factors of 507011666.
2, 7, 37, 167, 5861
What are the prime factors of 3952421?
11, 359311
List the prime factors of 1474562536.
2, 29, 43, 147811
List the prime factors of 1882575302.
2, 167, 5636453
What are the prime factors of 1548279467?
7, 19, 37, 314627
List the prime factors of 97176878.
2, 31, 53, 29573
List the prime factors of 133817931.
3, 13, 17, 19, 3541
What are the prime factors of 68067155?
5, 13, 61, 17167
What are the prime factors of 1862801608?
2, 191, 1219111
List the prime factors of 2570690557.
19, 199, 679897
List the prime factors of 42183420.
2, 3, 5, 19, 37003
List the prime factors of 6081517889.
103, 59043863
What are the prime factors of 783936976?
2, 3457, 14173
What are the prime factors of 45798113?
19, 1487, 1621
What are the prime factors of 2526079019?
2526079019
List the prime factors of 737936512.
2, 71, 81199
List the prime factors of 107374963.
313, 343051
List the prime factors of 3192006780.
2, 3, 5, 61, 290711
What are the prime factors of 2254077303?
3, 23, 137, 238451
What are the prime factors of 407079558?
2, 3, 4451, 5081
List the prime factors of 264228746.
2, 613, 215521
What are the prime factors of 523373977?
7, 5021, 14891
What are the prime factors of 440933677?
31, 14223667
List the prime factors of 426509239.
13, 32808403
What are the prime factors of 201852518?
2, 7, 3209, 4493
List the prime factors of 161716139.
13, 2833, 4391
What are the prime factors of 243545945?
5, 41, 1188029
List the prime factors of 345780692.
2, 47, 53, 34703
What are the prime factors of 1338426129?
3, 446142043
What are the prime factors of 245276470?
2, 5, 191, 281, 457
List the prime factors of 2441170685.
5, 83, 5882339
What are the prime factors of 2210531035?
5, 23, 2549, 7541
What are the prime factors of 111186380?
2, 5, 599, 9281
List the prime factors of 746233394.
2, 17, 29, 756829
What are the prime factors of 1789383530?
2, 5, 11, 47, 283, 1223
List the prime factors of 1196057377.
1196057377
List the prime factors of 421194383.
421194383
List the prime factors of 25943019.
3, 709, 12197
What are the prime factors of 223506386?
2, 19, 5881747
What are the prime factors of 124404240?
2, 3, 5, 23, 31, 727
What are the prime factors of 225604092?
2, 3, 7, 79, 33997
List the prime factors of 59626289.
353, 168913
What are the prime factors of 1413855844?
2, 179, 1974659
What are the prime factors of 1034147493?
3, 4255751
What are the prime factors of 1141392368?
2, 47, 719, 2111
What are the prime factors of 2170406632?
2, 19, 29, 127, 3877
What are the prime factors of 865